 = -13*y + 611. Let w be u(43). Calculate the greatest common divisor of 4212 and w.
52
Let j be 0 + (-11280)/94*(-5 - -1). Calculate the greatest common divisor of j and 32.
32
Suppose t + 6*t = -490. Let k be 396/7 - (-40)/t. What is the highest common divisor of 7 and k?
7
Suppose 63 = -0*d - 4*d - u, 21 = -d - 2*u. Let p be (100/d)/5*-126. Let q be ((-27)/(-6))/(4/p). Calculate the highest common divisor of 21 and q.
21
Let q(n) = 6*n + 1. Let j be q(4). Suppose -71 = -3*v + j. Suppose -17*u = -26*u + 864. Calculate the highest common factor of v and u.
32
Suppose -5*l + 2*w + 5 = 0, -w = -5*l - 0*w + 10. Let c be 174*-5*l/(-10). Calculate the highest common divisor of 9 and c.
9
Suppose -3*f + 130 + 44 = 0. Let v = f + -10. What is the greatest common divisor of v and 240?
48
Let b = 14692 - 14571. Calculate the greatest common factor of b and 1210.
121
Let u(f) = 4*f - 14. Let q be u(4). Suppose q*d + 8*d = 230. What is the highest common factor of 391 and d?
23
Let l = 12844 - 12831. What is the greatest common factor of l and 3107?
13
Let f(o) = -55*o - 6439. Let t be f(-130). What is the greatest common divisor of t and 9?
9
Suppose 4 = -4*w, 5*y = -0*y + 2*w + 2. Suppose -2*z + y*z = -120. What is the greatest common divisor of 20 and z?
20
Let w = -22 + -13. Let q = w + 38. Suppose 40 = q*a - 2*a - 5*u, 3*a + u - 120 = 0. What is the greatest common divisor of 100 and a?
20
Let l be (5 + 555/(-12))/(12/(-48)). What is the highest common divisor of l and 25?
5
Suppose 4*b - 194 = 526. Suppose -4*x + 4*d + 84 = 0, 352*d - 356*d - 64 = -3*x. Calculate the highest common divisor of b and x.
20
Let d = 28809 + -11877. Calculate the highest common factor of d and 204.
204
Let q = 410 + 142. Suppose -162 - q = -6*w. Calculate the highest common factor of 7 and w.
7
Let g(w) = w**2 + 15*w + 92. Let j be g(-14). Calculate the greatest common divisor of 5694 and j.
78
Suppose 31*l = 109*l - 49*l - 7424. Calculate the highest common divisor of l and 112.
16
Suppose 33*l = -280 + 313. What is the greatest common divisor of l and 59?
1
Let v = -21 - -27. Let x = -57 + 63. Let l be (x - 11) + 2 - -1*7. What is the highest common divisor of v and l?
2
Let q(k) = k**3 - 20*k**2 + 31*k - 40. Let j be q(19). Suppose -183*o - 840 = -j*o. Calculate the greatest common divisor of 24 and o.
24
Let p be 30/70 - (-1070)/84 - 2/12. Suppose 4*x = 2*x - 12. Let l(f) = 4*f**2 - 1. Let j be l(x). What is the greatest common factor of j and p?
13
Let d be (15/(-9))/(120/(-76464)). What is the greatest common divisor of 236 and d?
118
Let f be (4 - 48)*1*14/(-4). Suppose 2*b + 14 = 3*b. Calculate the greatest common factor of b and f.
14
Let q = -69 + 95. Let c(z) be the first derivative of z**2 - 5*z - 3. Let j be c(9). What is the highest common divisor of q and j?
13
Let u = 1071 + -993. Calculate the highest common divisor of u and 2301.
39
Suppose 0 = 6*u + 9*u - 9075. Let c = 1183 - u. Calculate the greatest common factor of c and 34.
34
Let m be (-12)/15*6*10/8. Let y = 21 - m. Suppose 5*c - 415 = 2*j, 2*c - 97 - 70 = j. What is the greatest common divisor of c and y?
27
Let s(b) = 119*b**2 - 113*b**2 - 13 - b**3 - 1 + 2*b + 5*b. Let w be s(7). Let j = 40 + w. Calculate the highest common factor of 13 and j.
13
Suppose -3 = -4*h + 17. Suppose -w = 2, -4 = -g - 3*w + h. Let j(t) = 29*t - 9. Let k be j(6). What is the greatest common factor of g and k?
15
Let t = 87 + -18. Suppose -4*l + t = 13. Suppose 178 = 6*r - l. Calculate the highest common factor of 4 and r.
4
Suppose 2*q = -0*q - c + 9, -2*q + 5*c - 21 = 0. Let i(p) = 67*p**2 + 7*p + 4. Let s be i(q). Calculate the greatest common factor of s and 44.
22
Let s(h) = h**3 + 3*h**2 - 9*h + 5. Let d = -60 - -55. Let p be s(d). Suppose 4*w - w - 108 = p. Calculate the highest common divisor of w and 108.
36
Let m(i) = 2*i**2 - 7*i - 7. Let p be m(8). Let u = -71 + p. Let a(z) = -6*z - 25. Let s be a(u). What is the greatest common divisor of 99 and s?
11
Let z = -196 - -203. Let t = 31 + -40. Let q(w) = -6*w - 19. Let r be q(t). Calculate the highest common divisor of z and r.
7
Suppose 90 = -n + 3*n. Suppose 0 = -148921*u + 148948*u - 2025. Calculate the highest common divisor of u and n.
15
Let d be (8/(48/405))/((-4)/8). Let x = d - -165. What is the highest common divisor of 6 and x?
6
Suppose 0 = z + 5*p + 12, 5*z + 576*p - 573*p - 50 = 0. What is the highest common factor of z and 19045?
13
Let z(f) = 20*f + 3. Let a be z(3). Suppose -845 + a = -46*t. Calculate the greatest common factor of 17 and t.
17
Let c = -35897 - -35912. Suppose 5*s + 2*x = 6*s - 83, 2*s = -5*x + 130. What is the highest common divisor of s and c?
15
Suppose 9839 = 149*j - 44*j + 1019. Suppose -69 = -2*x - 4*r + 45, r = 5*x - 318. What is the highest common factor of x and j?
21
Let b be (-379)/(-13) + (-324)/78 + 4. Suppose -1529 - 1661 = -b*n. What is the greatest common divisor of 5 and n?
5
Let l(y) = 2*y**2 - 75*y + 67. Let s(v) = v**2 - 38*v + 34. Let r(c) = -6*l(c) + 11*s(c). Let j be r(31). What is the greatest common factor of j and 13?
1
Suppose 0 = -3*w + y + 26294, -812*w + 817*w + 5*y - 43850 = 0. What is the greatest common divisor of 18 and w?
18
Let v(o) = 2*o**3 - 3*o**2 + 3*o - 3. Let s be v(3). Let w(i) = 13*i**2 - 45*i - 220. Let a be w(-5). What is the highest common factor of a and s?
33
Let g be (1599/39)/((-1)/(-47)). Calculate the greatest common factor of 47 and g.
47
Suppose -5976 = -17*i + 6536. Calculate the highest common divisor of i and 112.
16
Let l = -3 - -11. Let x(f) = 2*f**3 - f**2 - f - 21. Let o be x(5). Suppose 10*b - o = 1. What is the greatest common factor of l and b?
4
Let g = -17667 + 22943. What is the highest common factor of 8 and g?
4
Let v be 9*((-4)/(-3) - 1). Suppose -t = w - 9, 0 = -v*w + 4*t + 6 + 21. Suppose -3*h = -w - 54. Calculate the greatest common factor of 28 and h.
7
Suppose 50*p + 36 = 51*p. Let o be ((-6)/15)/((-3)/(-15)) - -6. Calculate the highest common factor of p and o.
4
Suppose 75 = 3*i + 2*i. Let v(k) = 7*k - 1907 + 964 + 958. Let t be v(i). What is the greatest common factor of 15 and t?
15
Let u(d) = d**3 - 11*d**2 - 9*d - 33. Let c be u(14). Suppose -65*w = -54*w - c. Calculate the greatest common divisor of 26 and w.
13
Suppose 28*x + 8094 - 10642 = 0. Calculate the highest common divisor of 351 and x.
13
Let p(b) = 32*b**2 + 5*b + 4. Let t be p(-2). Suppose c = 232 - t. What is the greatest common factor of c and 33?
11
Suppose -4*y + 684 = -5*b, -2*b = -3*y - 3*b + 532. What is the greatest common divisor of y and 1716?
44
Let m = -114 + 123. Suppose -11*q + m = -8*q. Suppose q*d = -4*i + 289, -3*i + 180 = -2*d - 24. What is the greatest common divisor of i and 20?
10
Let u be 3/((-1)/((-5 + -84)*-1)). Let v = 275 + u. What is the greatest common factor of 56 and v?
8
Let c = -1727 - -1853. Calculate the greatest common divisor of c and 546.
42
Suppose 500 = 4*v - 5*r, -3*v + 235 + 147 = -2*r. Suppose -v + 170 = 2*t. What is the greatest common divisor of t and 24?
4
Suppose 0 = 213*s + 1762 - 38915 - 2039. What is the greatest common divisor of s and 608?
8
Suppose -p + 13 = -5. Let s be p/(-4)*4/(-6). Suppose -57*x + 117 = 60. What is the greatest common divisor of s and x?
1
Suppose 5*q - 4*s = -209, 2*q = 6*q + 2*s + 188. Let j = -43 - q. Calculate the highest common factor of 11 and j.
1
Suppose 21 = 6*z + 435. Let q = 171 + z. Suppose 36 = f - 4*b, 2*f + 0*b - q = -2*b. What is the greatest common factor of 6 and f?
6
Suppose 0 = 93*n + 120*n - 1454 - 1102. What is the greatest common divisor of n and 1212?
12
Let c(z) = 4*z**2 + 4*z + 34. Let y be c(7). Let g = 260 - y. What is the highest common factor of g and 32?
2
Let y be (3680/161)/((-6)/(-63)). What is the highest common divisor of y and 15?
15
Suppose -175*x + 3658 = -172*x + c, -6110 = -5*x - 5*c. Calculate the greatest common factor of 29 and x.
29
Let q = 60 + -86. Let i = q + 19. Let h(p) = -24*p - 21. Let m be h(i). Calculate the greatest common divisor of 21 and m.
21
Suppose 14*y - 10*y - 1864 = -5*x, 0 = 3*x + 3*y - 1116. Calculate the highest common factor of x and 17860.
188
Let m = -59848 - -59890. Let k be 1*(-19)/(-1)*21. Calculate the greatest common divisor of k an